 = g. What is the units digit of g?
9
Let n = -3 - -4. Let y = -7 + n. Let u(l) = l**3 + 6*l**2 - 2*l - 2. What is the tens digit of u(y)?
1
Suppose -5*d + 350 = 4*k, 0 = 3*d + 2*k + 3*k - 223. What is the tens digit of d?
6
Let h(k) = 2*k - 4. Let p be h(4). Suppose p*l + 3*n - n + 6 = 0, 3*l + 3*n = -12. What is the units digit of l?
1
Let q(l) = 14*l**2. Let o be q(-1). Let w = 0 + o. Suppose 0 = -5*u + 1 + w. What is the units digit of u?
3
Let f = 214 - 90. What is the units digit of f?
4
Let n = 0 - 8. Let q = n + 12. Suppose -6*i - r = -q*i - 6, -9 = -5*i - 4*r. What is the units digit of i?
5
Suppose 0*z - 5*z - 10 = 0. Let j(p) = p**2 + 2*p. Let v be j(z). What is the units digit of 1 + v/(-1 - -2)?
1
Let y(s) = s**2 + 3*s + 5. Let g be y(-2). Suppose 5*p - z = 19 - 2, 2*z - 6 = 0. Suppose -p = -f - g. What is the units digit of f?
1
Suppose 60 = r - 5*r. Let b = r - -17. What is the units digit of b?
2
Suppose 7*b - 38 = 6*b. Suppose -h - h = -b. What is the units digit of h?
9
Let t be ((-55)/3)/((-7)/105). Suppose -2*m + t = 3*m. What is the tens digit of m?
5
Let t = -10 - -13. What is the units digit of t?
3
Let c(z) = z**2 - z - 2. Let t(v) = -3*v**2 + 2*v + 5. Let a(o) = -11*c(o) - 4*t(o). Let s be a(-4). What is the units digit of (4/s)/(1/12)?
8
Let t(v) = -7*v**2 - 27*v - 25. Let h(i) = 4*i**2 + 14*i + 13. Let z be 1/(-2)*(-2 + -4). Let d(x) = z*t(x) + 5*h(x). What is the units digit of d(-9)?
8
Suppose 626 = 4*c - 318. What is the hundreds digit of c?
2
Suppose -11*x + 508 = -64. What is the units digit of x?
2
Suppose -3*u - 3*h = -1104, 4*h - 261 = -5*u + 1580. What is the tens digit of u?
6
Let y(q) = q**3 + 8*q**2 + 2*q. What is the units digit of y(-7)?
5
Suppose -5*u + 195 = -3*k, 5*k = 5*u - 29 - 156. What is the units digit of u?
2
Suppose -2*h + 235 = -211. What is the hundreds digit of h?
2
Suppose 1352 = 13*t - 0*t. What is the tens digit of t?
0
Suppose 0 = -4*k - 14 - 2. What is the units digit of 23 + 1 + (k - -3)?
3
Let y(o) = 30*o - 1 - 21*o - 4 - o**2. Let p(i) = -i**2 + 5*i + 1. Let j be p(3). What is the units digit of y(j)?
9
What is the units digit of (-6)/(-12)*10 + 60?
5
Let o(t) = t**2. Let f(b) = b**3 + 4*b**2 + b + 1. Let h(i) = -f(i) + 3*o(i). What is the units digit of h(-2)?
5
What is the units digit of (322 - -2)/(30/20)?
6
Suppose 8 = 2*i + 4, 0 = -v + 4*i - 5. Suppose -l - 162 - 93 = -5*g, 4*g = v*l + 193. What is the units digit of g?
2
Let h be 3*(-3)/(-9) - -1. Suppose 4*y + d + h*d = 31, 2*y - 13 = -d. Suppose 0 = 3*s + 2*a - 6*a - 40, -3*s - y*a + 8 = 0. What is the units digit of s?
8
Let x(u) = u**2 - 4*u - 7. Let g be x(6). Suppose -g*s + 4 + 1 = 0. Let o = s + 3. What is the units digit of o?
4
Suppose 55 = 4*g - 3*h, -5*h - 35 = -2*g - 2*h. Let p(k) = 5*k - 11. What is the units digit of p(g)?
9
Suppose -2*f + 210 = -2*x, 0 = -2*f + 5*x + 109 + 110. What is the units digit of f?
2
Suppose 5*p - 60 = 4*p. What is the tens digit of p?
6
Suppose 0 = -5*r + 20. Suppose 4*h - 3*f = -4*f + 105, -h + 22 = -r*f. Let w = -10 + h. What is the units digit of w?
6
Suppose -o + 40 = 3*o. Suppose x = -2*a - 6, 0*a = 2*x + 5*a + o. Let b = x + 21. What is the tens digit of b?
1
Let y = 16 + -8. Suppose 0 = -5*a - q + y + 49, 0 = -3*a + 3*q + 27. Suppose 13 = 3*i - a. What is the units digit of i?
8
Let f(p) = p**2 + 4*p - 2. Suppose 0*o + 2*o = -10. What is the units digit of f(o)?
3
Let l(u) = u**2 - 2*u + 1. Let p be l(2). Let w(j) = -4*j**3 + 2*j**2 - 2*j + 1. Let r be w(p). What is the units digit of (r + 3 + 1)*3?
3
Let s(z) = z**2 + 10*z - 9. Let b be s(-11). Suppose -7*i + 3*i + 20 = 2*a, 0 = -b*a - i + 26. What is the tens digit of a?
1
Suppose 0 = k + 3*k - 20. Let y(q) = q**2 + 7*q + 7. Let f be y(-6). Suppose -k - f = -x. What is the units digit of x?
6
Suppose -7*w + 3*w - 8 = 0. What is the units digit of (-1)/2*w*20?
0
Let g(t) = -7*t + 24. Let o(a) = -7*a + 25. Let r(n) = 6*g(n) - 5*o(n). Let v(c) = -3*c + 9. Let u(k) = -4*r(k) + 9*v(k). What is the units digit of u(-4)?
1
Suppose -5*u - a = -223, -5*a - 61 = 2*u - 164. Suppose -200 + u = -6*d. What is the units digit of d?
6
Let d = 217 + -159. What is the tens digit of d?
5
Suppose 1 = -4*r + 5. Suppose 3*d - 2*h + h + 5 = 0, 2*h = 10. Let n = d + r. What is the units digit of n?
1
Suppose 2*w = 4*n + w - 324, 2*w = -5*n + 392. What is the units digit of n?
0
Let p(f) = f**3 - 3*f**2 + f + 2. Let g be p(3). Let n = g - 3. Suppose -3*t + 29 = -0*t + d, -2*d + 14 = n*t. What is the units digit of t?
1
Let m = 98 - -129. What is the units digit of m?
7
Let l be (10 + 2)/(-2 + 4). Let i = l + 2. What is the units digit of i?
8
Suppose -41 - 19 = -3*j. Suppose g - a = -0*a - j, 4*a = -5*g - 82. What is the units digit of ((-4)/(-3))/((-4)/g)?
6
Suppose 0*y + 3*y = 276. What is the units digit of y?
2
Suppose -5 = -2*c + 6*t - t, -5*c = -2*t - 2. Suppose -56 = -4*r - c*r. What is the tens digit of r?
1
Let b(d) = -3*d + 14. Let y(m) = m - 7. Let s(j) = -2*b(j) - 5*y(j). Let c be s(8). What is the units digit of (c/10)/(3/10)?
5
Suppose 2*y + 55 = 4*y + 5*w, 32 = y + w. Suppose y = o + 1. What is the tens digit of o?
3
Suppose -w = -27 - 59. What is the units digit of w?
6
Suppose -4*k = 4*p - 20, -2*p + 3*p = -5*k + 5. Suppose -154 = -5*w + q, -p*q = 4*w - 2*w - 67. What is the units digit of w?
1
Suppose -6*c + 65 + 313 = 0. What is the tens digit of c?
6
Suppose 3*x - 42 = x. What is the units digit of x?
1
Let o = -74 + 108. What is the tens digit of o?
3
Let y(x) = -2*x + 30. What is the units digit of y(-13)?
6
Suppose q + 0 = -1. Let a be -4 + 1 - (1 + q). What is the units digit of (a + -2 + 2)*-6?
8
Let t = 5 - 1. Suppose 5*q - t = 76. What is the units digit of q?
6
Suppose 0 = -2*n + 204 + 74. What is the tens digit of n?
3
Let c(b) = -b**3 + 24*b**2 - 16*b + 23. What is the units digit of c(23)?
4
Let f(v) = -v**3 - 4*v**2 + 4*v. Let q be f(-5). Suppose -4*n - 11 = 2*y - 3*n, 0 = q*n + 15. What is the units digit of (6/y)/((-6)/4)?
1
Suppose 4*a - 125 = 283. Let t = -65 + a. What is the tens digit of t?
3
Let o be 231/14*2/3. Suppose 5*q - o = 44. Suppose 4*i - 31 = -q. What is the units digit of i?
5
Let w = 10 + 178. What is the hundreds digit of w?
1
Let m(w) = -w**3 - 7*w**2 - 8*w - 4. Let h be m(-6). Suppose -h = -8*t + 56. What is the units digit of t?
8
Suppose 5*a + 122 = -88. Let l = -29 - a. What is the units digit of l?
3
Suppose 3*y - 80 = 5*t, -2*t = y - 3*t - 28. Suppose y = -0*j + 2*j. Suppose -45 = -2*b - j. What is the units digit of b?
5
Suppose -442 = -4*u + 14. Suppose 0 = -5*q + u - 34. What is the units digit of q?
6
Let i(a) = 16*a + 14. What is the units digit of i(7)?
6
Let u(h) = h**3 + 3*h**2 - 2*h + 3. Let a be u(-4). Let s = a - -14. Let m(p) = p**3 - 8*p**2 - 7*p - 13. What is the units digit of m(s)?
5
Suppose 198 = 2*l - 12. What is the tens digit of l?
0
Let a(j) = j**3 - j**2 + j. Let v = -8 - -10. What is the units digit of a(v)?
6
Suppose -4*v + 5*r = v + 95, 0 = v - 3*r + 9. Let i = v + 34. What is the units digit of i?
0
Let z be (6/2)/(6/(-4)). Let w(u) = 3*u + 1. Let b(o) = o. Let s(h) = -7*b(h) + 2*w(h). What is the units digit of s(z)?
4
Suppose o = 4*y + y + 37, 4*o + 2*y = 214. What is the tens digit of o?
5
Suppose -3*n + 4*g + 557 = 0, -g = -0 - 1. What is the tens digit of n?
8
Suppose 0*y - 6 = -3*y. Suppose 0*w = -2*w + y*r - 14, 3*r = 15. What is the units digit of 33/6 + 1/w?
5
Let c(i) = -i**2 - 9*i - 3. Suppose -l - 4*l = 10. Let s be (-28)/4 + l/2. What is the units digit of c(s)?
5
Let m(q) = -6*q + 3. Let j be m(3). Let k = -11 - j. What is the units digit of k?
4
Suppose -16 = u - 5*u. Suppose -28 = -u*t - 0*t. Suppose -31 = -t*w + 2*w - m, 4*w - 2*m - 36 = 0. What is the units digit of w?
7
Suppose 0 = 4*n - 3*n. Suppose 2*y + 3*p = 5*p + 28, 3*y + 3*p - 36 = n. What is the tens digit of y?
1
Let s(g) = 5*g + 24. What is the tens digit of s(14)?
9
What is the hundreds digit of (4 - 3/(-6)*-2) + 258?
2
Let v = 7 + -6. What is the tens digit of (v + (-26)/(-4))*2?
1
Let a = 150 + -478. What is the units digit of a/(-11) + 6/33?
0
Suppose 5*q - 5*b + 240 = 0, 4*q + 5*b + 130 + 107 = 0. Let r = q + 82. Suppose 0 = -4*h + 19 + r. What is the units digit of h?
2
Let s b